-1452540
In base 9, what is -401 + 303864?
303463
In base 12, what is 102004 - -4?
102008
In base 3, what is 1000122012120010 + -1?
1000122012120002
In base 16, what is -2d2f02 - 1?
-2d2f03
In base 10, what is -17950 - -907?
-17043
In base 7, what is 414323 + -2010?
412313
In base 5, what is -1201 + -21211301?
-21213002
In base 13, what is 11281 - -23a?
114bb
In base 5, what is -2440 + 1231300?
1223310
In base 16, what is 3e8 - -6a6e3?
6aacb
In base 14, what is 3 + -d4d052c?
-d4d0529
In base 11, what is -209 - 21177?
-21385
In base 8, what is -21527540 + 4?
-21527534
In base 7, what is 12230 - 554264?
-542034
In base 3, what is -12200202 - -122212220?
110012011
In base 12, what is 248191 + 42?
248213
In base 16, what is 230b695 + 0?
230b695
In base 16, what is -4 + 5be3f3?
5be3ef
In base 6, what is 3324441 + -42?
3324355
In base 6, what is -54 - -131515?
131421
In base 14, what is 457448 + c?
457456
In base 13, what is -5743 + 72?
-56a1
In base 3, what is 2220220 + -1021121?
1122022
In base 4, what is -102103302203113 - -11?
-102103302203102
In base 13, what is 61 - 4ba254?
-4ba1c3
In base 16, what is -2737 + 71?
-26c6
In base 5, what is 4432403201 + -4?
4432403142
In base 3, what is 102 + 10002211210122?
10002211211001
In base 6, what is -1 - 1501335242?
-1501335243
In base 8, what is -30616402 + 47?
-30616333
In base 12, what is 29 - 90ba16?
-90b9a9
In base 8, what is -1225761 + 42?
-1225717
In base 15, what is -857 - d32?
-1689
In base 12, what is 1a87 - -5b3?
247a
In base 10, what is 66 + -103103?
-103037
In base 13, what is 7 + 490b270?
490b277
In base 3, what is -1021102101102020 - -10?
-1021102101102010
In base 7, what is 4 - -565032?
565036
In base 9, what is 4 + 1063262?
1063266
In base 12, what is 4aa6547 + 3?
4aa654a
In base 13, what is -44 - 3895c?
-389a3
In base 15, what is 2c799 - a5?
2c6e4
In base 16, what is -89 + 209b9?
20930
In base 13, what is -37a + 17328?
16c7b
In base 13, what is -1400aa04 + b?
-1400a9c6
In base 10, what is -6 - -184548?
184542
In base 3, what is 2022001220 - -2112011?
2101121001
In base 14, what is 5 + -484a228?
-484a223
In base 5, what is 132004423 + -31?
132004342
In base 12, what is 13749 + -131?
13618
In base 4, what is 2023230 + -332011?
1031213
In base 12, what is -98b85 - -5?
-98b80
In base 3, what is 1020 - 10212212102212?
-10212212101122
In base 16, what is 14 + 69cc0?
69cd4
In base 9, what is -1212 - -74337?
73125
In base 10, what is -1057 + -229604?
-230661
In base 7, what is -663443 - 250?
-664023
In base 6, what is 1445 + 152525?
154414
In base 9, what is 5 - 4321626?
-4321621
In base 12, what is -3b3823 + -70?
-3b3893
In base 8, what is 725266001 - 3?
725265776
In base 7, what is -5 - 16121110?
-16121115
In base 11, what is 9 - -29792732?
29792740
In base 13, what is -2b - -5a60a?
5a5ac
In base 9, what is 6437327 - 52?
6437265
In base 12, what is -1a379 + 3a?
-1a33b
In base 12, what is -374360 - -20?
-374340
In base 8, what is -30343643 - -5?
-30343636
In base 3, what is -100121200120100 - 100?
-100121200120200
In base 13, what is -75a9a - 1733?
-77500
In base 7, what is 5 - 3045562263?
-3045562255
In base 3, what is 11020002120200110 + -11?
11020002120200022
In base 8, what is 1312 + 24611?
26123
In base 7, what is 116652251 - 1?
116652250
In base 12, what is 3 - -82413b9?
8241400
In base 4, what is -13300332231322 + -3?
-13300332231331
In base 10, what is 9 - 380804?
-380795
In base 12, what is 15 + -110364?
-11034b
In base 3, what is 0 + 110211220011201001?
110211220011201001
In base 13, what is -102c - -12653?
11624
In base 11, what is -12a8 - 6292?
-758a
In base 14, what is -a948974 - 3?
-a948977
In base 3, what is 10110220022 + 11201?
10111002000
In base 14, what is 32d - -5a23a?
5a569
In base 12, what is 517a79 + -14?
517a65
In base 12, what is -5b59834 - 18?
-5b59850
In base 7, what is 1032260 - -136?
1032426
In base 10, what is 71105503 - 12?
71105491
In base 3, what is 2201101021210 + 2102?
2201101101012
In base 10, what is 4 - -9664459?
9664463
In base 3, what is -110002112201012121 + -11?
-110002112201012202
In base 15, what is 339 + 13bc?
1706
In base 11, what is -1 - -30625179?
30625178
In base 16, what is 1 - -5224f0?
5224f1
In base 11, what is 21aa8774 + 4?
21aa8778
In base 14, what is 3 + -8da762?
-8da75d
In base 9, what is -405 - 1135?
-1541
In base 8, what is -131157 - 15?
-131174
In base 9, what is -6357 - -4357?
-2000
In base 4, what is 31123100303 - 1?
31123100302
In base 12, what is 72a923 + -16?
72a909
In base 12, what is 14 + 7980b9?
798111
In base 8, what is -624 + 14721?
14075
In base 11, what is 1011 + 151a?
2530
In base 3, what is -1201200201 - -10201100?
-1120222101
In base 8, what is 3 - -3525472?
3525475
In base 12, what is 2b188a - 850?
2b103a
In base 5, what is -3 - 1244433441?
-1244433444
In base 2, what is -10010100000000111101010000 - 0?
-10010100000000111101010000
In base 12, what is -2 + 638155?
638153
In base 2, what is -11101 - -110011100000010001100?
110011100000001101111
In base 12, what is -38391 - -249?
-38144
In base 4, what is -20100 + -33323031?
-100003131
In base 11, what is 551a + 1128?
6647
In base 16, what is 2e0e7 + 11d?
2e204
In base 8, what is -122 + 37166?
37044
In base 13, what is 4 - -12a665?
12a669
In base 16, what is 4 + -34d10c?
-34d108
In base 6, what is -2 + 31033234444?
31033234442
In base 4, what is -1123113 + 300330?
-222123
In base 13, what is c + -6ac6443?
-6ac6434
In base 10, what is 148577240 - -1?
148577241
In base 16, what is -275f422 - 1?
-275f423
In base 4, what is 203001233020300 - -2?
203001233020302
In base 12, what is 5 + -1935023?
-193501a
In base 4, what is -10 + -1201100323030?
-1201100323100
In base 6, what is -4 - 1233214240?
-1233214244
In base 16, what is 6cba6e + -38?
6cba36
In base 2, what is 1000010 - -1000110001111101101?
1000110010000101111
In base 12, what is -639b9 + -24?
-63a21
In base 15, what is dea9c + -130?
de96c
In base 7, what is -22621660 - 45?
-22622035
In base 16, what is 15f96 + -2ed?
15ca9
In base 7, what is 146 + -1233?
-1054
In base 11, what is 4401 - -211?
4612
In base 11, what is -125491 + -25?
-125506
In base 7, what is 550402 + 3044?
553446
In base 16, what is -1144746d - 2?
-1144746f
In base 13, what is -16 - -271616?
271600
In base 16, what is 19 + -73a0d?
-739f4
In base 7, what is -522 - -623540?
623015
In base 7, what is -11 + 414026254?
414026243
In base 6, what is 34 + -10215320?
-10215242
In base 4, what is 10 - -30321302232111?
30321302232121
In base 13, what is 6c8b3831 - 0?
6c8b3831
In base 4, what is -3120200213 + 1?
-3120200212
In base 13, what is -2 + -aa837b?
-aa8380
In base 16, what is -4e + 1402cc?
14027e
In base 2, what is 10 - 1001101011111000000111?
-1001101011111000000101
In base 16, what is -5 + b3812ad?
b3812a8
In base 8, what is -40 - -11120360?
11120320
In base 6, what is -544342514 - 2?
-544342520
In base 13, what is 3075 - 23?
3052
In base 9, what is 163663 - -666?
164440
In base 9, what is -10513666 + 0?
-10513666
In base 15, what is -9aad9 - -108?
-9a9d1
In base 7, what is -501162 + 3614?
-464245
In base 15, what is ab - -25e353?
25e40e
In base 12, what is -92 + 4796?
4704
In base 5, what is 2322424 + -323?
2322101
In base 5, what is -23 - -340213323?
340213300
In base 13, what is 14c6b + -114?
14b57
In base 8, what is -332021 - 733?
-332754
In base 2, what is 0 + -11100011010001011?
-11100011010001011
In base 11, what is 11 - 18482338?
-18482327
In base 6, what is -1441200233 + 5?
-1441200224
In base 6, what is -3 + -10354030441?
-10354030444
In base 14, what is -7 + 7b89c72?
7b89c69
In base 2, what is -10000111110000010101 - -101?
-10000111110000010000
In base 15, what is 10 - 6ae56?
-6ae46
In base 12, what is -5182925 - 3?
-5182928
In base 4, what is 22133 + -1012120313?
-1012032120
In base 9, what is -22 + 3783616?
3783584
In base 9, what is -37004067 + -13?
-37004081
In base 9, what is 53 + -55610?
-55546
In base 15, what is -ac5117 + 16?
-ac5101
In base 2, what is 11 - -1111000000000010010110010?
1111000000000010010110101
In base 6, what is 52 + 10055330?
10055422
In base 11, what is 8344 + -1a33?
6411
In base 14, what is -4 - -379850?
37984a
In base 3, what is 1200102111222000 - -11?
1200102111222011
In base 3, what is -211102 + 1001210120?
10